 + 1 - 5*l - 1 + x*l. What is q(2)?
-4
Let v(x) = 32*x**2 + 15*x - 17. Let s(u) = -6*u**2 - 3*u + 3. Let y(a) = -11*s(a) - 2*v(a). Suppose 2*q - q + 2 = 0. Determine y(q).
3
Suppose 11 + 2 = -13*u. Let v(l) = -l**2 - l - 1. Let p(q) = -6*q**2 - 12*q - 2. Let s(c) = u*p(c) + 5*v(c). Give s(-8).
5
Suppose -2*n = -3 - 1. Let w(p) = 3*p + 3*p**2 - 3 + n*p**2 - 6*p**2. Let c = -24 + 26. What is w(c)?
-1
Let r(w) = -w**2 + 4*w + 7. Let d(z) = -3*z + 21. Let p(s) = -2*s + 10. Let v(l) = 3*d(l) - 5*p(l). Let x be v(-7). Give r(x).
-5
Let u(s) = s**3 + 8*s**2 + 2*s + 8. Let q be u(-7). Let j(c) = -51*c - 4 + q*c + 1 + 4 + c**2. Calculate j(7).
-6
Suppose 2*k + 25 - 4 = 5*l, 2*k = -6. Let s(a) = 135*a**2 - 2 + 2 + 1 - 136*a**2 - l*a. What is s(-4)?
-3
Let s(t) = t**3 + 5*t**2 - 4*t + 7. Suppose -7*v + 1476 = 11*v. Suppose -d - 3*w = 20, -3*d - 55 + 3 = 5*w. Let o be v/d + (-3)/21. Give s(o).
-5
Let i(m) be the second derivative of 0*m**2 + 0*m**4 - 1/60*m**5 - 1/360*m**6 - 2*m - 1/2*m**3 + 0. Let g(b) be the second derivative of i(b). Determine g(-1).
1
Let x = 0 + 22. Let s be x + -5*(-6)/15. Suppose -22 = -4*h - c, -4*c - 2 - s = -3*h. Let y(v) = -v**2 + 6*v + 1. What is y(h)?
1
Suppose 0*i + q - 7 = -2*i, -5*q = 2*i - 3. Let d(v) = -2*v**2 + v**2 + 4 + 2*v**2 - 5*v. Calculate d(i).
0
Let t(z) = -z**3 - 6*z**2 + 17*z + 5. Let f = 12 - 20. Let o be t(f). Let q(p) = p**2 - 4*p - 4. Give q(o).
17
Let q = -1 - -8. Suppose 5*j - 5*w = -32 + q, 10 = 2*w. Let r(i) = 1. Let o(h) = h. Let f(u) = -o(u) - 6*r(u). Determine f(j).
-6
Let b(d) = -5*d**2 + 11*d - 10. Suppose -35 = 17*q - 1. Let r(z) = -3*z**2 + 5*z - 4. Let i(w) = q*b(w) + 5*r(w). What is i(2)?
-14
Let d(j) = 8*j + 4. Suppose -24*l + 32 = -32*l. Let m be (l + 7)/(2/(-2)). Determine d(m).
-20
Let p be (-4)/18 - (-112)/18. Let h(g) = 986*g + 976*g - 1963*g + 1. Give h(p).
-5
Let l be ((-20)/(-6))/(2/3). Let m(i) = i + 1. Let s(k) = 2*k + 3. Let f(u) = l*m(u) - 3*s(u). Suppose 0 = -90*z + 30*z - 120. What is f(z)?
-2
Let f be (5 - 45/6)*2. Let v(r) = -r**3 + r**3 - 3*r**3 + 10*r - 15*r**2 - 6. Let g(w) = 2*w**3 + 8*w**2 - 5*w + 3. Let o(k) = f*g(k) - 3*v(k). Determine o(3).
6
Let b(q) = -2*q**2 - 1 + 0*q**2 - 2 - 4*q. Let i(y) = -y**2 - 5*y - 6. Let w be i(-4). Let h be (w/(-6))/(2/(-18)). Calculate b(h).
-9
Let q(p) = p**2 + p - 34. Let g(s) = 2*s**2 + 3*s - 74. Let x(u) = 6*g(u) - 13*q(u). Give x(4).
2
Let b(o) = -20*o - 1. Suppose -40 = 64*a + 24. Give b(a).
19
Let o = -134 + 230. Let y be 4/(-3)*54/o*-4. Let m(k) = -8*k - 4. Let u(c) = -17*c - 8. Let j(z) = 13*m(z) - 6*u(z). Determine j(y).
-10
Let t(z) = -4*z**3 - 7*z**2 - z - 13. Let j(c) = 9*c**3 + 14*c**2 + 2*c + 27. Let q(v) = 3*j(v) + 7*t(v). What is q(-7)?
-3
Let r(v) = v**2 + 22*v - 26. Suppose 760*c - 46 = 762*c. Give r(c).
-3
Let v(a) = a**2. Suppose -5*w - 4*j + 11 = -j, 7 = -w + 4*j. What is v(w)?
1
Let b(v) be the first derivative of -v**4/4 - v**2/2 + 2105. Let y be (-2)/(-4)*(-3 - 1). What is b(y)?
10
Let y(g) be the first derivative of g**3/3 - 9*g**2/2 - 3*g + 199. Give y(8).
-11
Let b(a) = -a**3 + 2*a**2 + 22*a - 41. Let c be b(2). Let w(p) = p - 1. Give w(c).
2
Let z(f) be the first derivative of -f**2/2 - 9*f - 3. Suppose 4*m + 5*a = -32 - 11, 5*m = 2*a - 29. Calculate z(m).
-2
Let t(v) be the third derivative of -v**6/120 - 7*v**5/60 + v**4/3 - 5*v**3/3 + 6*v**2 - 3*v. Give t(-8).
-10
Let x be ((-16)/(-2))/2*(-3)/(-6). Let t(d) = -2*d**2 + 14*d + 2*d**x - d**2 - 7*d. What is t(6)?
6
Let g(y) = 15*y. Let v = -16 - -19. Suppose -i = r - 2*i + v, -12 = -3*i. Calculate g(r).
15
Let q(h) be the first derivative of h**3/3 + 2*h**2 - 12*h + 17. Let r be q(-5). Let g(s) = s**2 + 5*s - 3. Calculate g(r).
11
Let y(l) = l - 7. Let p be y(9). Let a(m) = 2*m + 4 + m**3 + p*m**2 - 4 - 7*m**2 - 1. What is a(4)?
-9
Let q(u) be the third derivative of u**4/6 - 5*u**3/6 - 626*u**2. Suppose -5*s + 15 = -2*z - 8, 0 = 3*z - 5*s + 27. Give q(z).
-21
Let s(j) = j**3 - 6*j**2 + 2*j - 2. Let w = 233 - 228. Calculate s(w).
-17
Let b(o) = -o**3 + 7*o**2 - 2*o + 5. Let g(v) = 8*v**3 + v**2 - 2. Suppose 0 = -5*z - 7 + 12. Let i be g(z). What is b(i)?
-9
Let r(s) be the third derivative of -1/120*s**6 + 0*s**3 + 1/6*s**4 - 13*s**2 + 0*s + 0 - 1/60*s**5. Calculate r(-3).
6
Let i = -525 - -529. Let h(y) = -2*y + 8. What is h(i)?
0
Let i be 15*4/20*2. Let x(l) = 0 + 1 + 2*l - 2 + i. Determine x(-4).
-3
Let v(i) = -i**3 - 6*i**2 - 6. Let w be v(-6). Let o = -4 - w. Let p(r) = -4*r**3 + r**2 - 6. Let n(c) = 3*c**3 + 5. Let l(m) = 5*n(m) + 4*p(m). Calculate l(o).
9
Let a(w) = -2*w + 5*w**2 - w**3 + 2*w - w - 2. Let b be 3/(-4)*2*-4. Let z(x) = -x**2 + 5*x + 9. Let g be z(b). What is a(g)?
13
Suppose -5*q + x = -2*x - 10, -25 = -5*x. Let f(t) = -t**2 - 10*t + 1. Let i(w) = 2*w**2 + 15*w - 4. Let b(n) = 5*f(n) + 3*i(n). Determine b(q).
-7
Let s(v) = -v + 8 + 17 - 22. Give s(13).
-10
Let k(y) be the first derivative of 1 - 9/2*y**2 + 8*y - 1/12*y**4 + 7/6*y**3. Let d(c) be the first derivative of k(c). Calculate d(6).
-3
Suppose 2*o - 2*v - 32 = 2*v, 2*o + 5*v - 50 = 0. Suppose -5 = -2*u - 5*k + 6, 2*u = 4*k + o. Let z(b) = 7*b + b**2 + 0 - u + 0. What is z(-7)?
-8
Let j be (96/(-90))/(-8) - (-8)/(-60). Let r(g) be the second derivative of -9*g + 1/12*g**4 + 5/6*g**3 + j + 3/2*g**2. What is r(-3)?
-3
Let i(q) = -18*q - 20. Let h(y) = -13*y - 19. Let n(r) = 4*h(r) - 3*i(r). Give n(5).
-6
Suppose -3*q + 3*h + 60 = 75, q - 3*h - 3 = 0. Let d(g) = g - 3. Determine d(q).
-12
Let s(y) = 8*y**3 + y**2 + 2*y + 1. Suppose 0 = 4*v + v + 10. Let m be v - (1 - (-1 - -3)). Let k be 1/1*(m - 0). What is s(k)?
-8
Let a(t) = -1546*t**3 + 771*t**3 + 774*t**3 - 5*t + 7*t**2 + 6*t**2 - 8 - 6*t**2. Calculate a(6).
-2
Let d(t) = -1. Let a(y) = -7*y - 2. Let p(w) = 2*a(w) - 6*d(w). Suppose 16*m + 48*m - 142 = -7*m. Determine p(m).
-26
Let p = 9 + -7. Let t(v) = 2*v + 3*v**2 + 5*v - 4*v**2 + 2*v**p + 6. What is t(-6)?
0
Let m(j) be the first derivative of -j**4/4 - 4*j**3/3 + j**2/2 + 4*j - 132. What is m(-3)?
-8
Let a(s) = s**2 + 7*s + 12. Let r(w) = -3*w**2 - 20*w - 35. Let c(d) = -17*a(d) - 6*r(d). Calculate c(0).
6
Let l(n) = -18*n + 4. Let m(k) = 11*k - 3. Let w(d) = 2*l(d) + 3*m(d). Let a(v) = v**3 + 6*v**2 - 7*v + 2. Let u be a(-7). What is w(u)?
-7
Let p = 0 - 7. Let h(g) be the first derivative of g**5/60 + g**4/3 + 4*g**3/3 - 3*g**2 - 2. Let a(b) be the second derivative of h(b). Determine a(p).
1
Let i(k) = k**2 + 2*k + 4. Let m be (-24 + 24)*(-2)/(-6). Suppose -4*v + 51 - 63 = m. What is i(v)?
7
Let d(f) = -8*f**2 + 21*f. Let c(z) = -11*z**2 + 31*z + 1. Let w(t) = 5*c(t) - 7*d(t). What is w(-6)?
-7
Let w(h) = -h**2 - 2*h + 4. Suppose 0 = -j - 3*d + 6, 0*j + 2 = 2*j + d. Let x be (-1 - (j + -2)) + -4. Give w(x).
1
Suppose 0 = -m - 0 + 2. Let z(v) = 2 + 3*v**m - 3*v**2 + v**2 - v. Let t = 126 + -124. What is z(t)?
4
Suppose 4*s - 30 = 9*s. Let i = s + 8. Let m(x) = -8*x + 6*x**3 + i*x**2 + 3 - 6*x**2 + 2*x**3 - 7*x**3. What is m(5)?
-12
Let r(u) be the first derivative of u**6/120 - u**5/60 - u**4/8 + u**3/3 + 13*u**2 - 14. Let n(f) be the second derivative of r(f). Determine n(2).
0
Let k(x) = -22*x + 25. Let w be k(1). Let d(l) = l - 4. Calculate d(w).
-1
Let m be ((-81)/(-54))/((-3)/(-8)). Let k(z) = 5*z**2 + 6 - z**3 + 4*z**2 - 2*z**2 - m*z + 12*z. Let c be k(8). Let n(y) = -y**2 + 5*y + 4. What is n(c)?
-2
Let l(t) = -t**2 - 4*t - 6. Suppose -d = -4*c - 6 - 6, 5*d - 5*c = 0. What is l(d)?
-6
Let p(m) = 8 + 3 - 3 - 2 + m. What is p(-6)?
0
Let d(k) be the third derivative of k**6/120 + k**5/60 + 25*k**3/6 + 213*k**2. Determine d(0).
25
Let s(w) = -2*w - 10. Suppose -30*q - 53*q = 332. Give s(q).
-2
Let t(m) = 2*m**3 + 16*m**2 + 14*m - 8. Let f(o) = o**3 + 13*o**2 + 12*o - 7. Let l(i) = -3*f(i) + 2*t(i). Give l(8).
5
Suppose -13*j + 39 + 0 = 0. Let r(l) = 3*l + 2. Calculate r(j).
11
Let t(q) be the first derivative of -5*q**2/2 - 14*q - 431. Give t(-10).
36
Let s(c) be the second derivative of c**5/20 + 7*c**4/4 - c**3/3 - 20*c**2 + 194*c. Give s(-21).
2
Let g(f) be the first derivative of f**3/3 - 7*f**2/2 + 10*f - 36. Suppose 0 = -3*j + 3*t + 39, 9 = -2*j - 0*t - 5*t. What is g(j)?
18
Let x(i) = -5 - i**2 - 3*i + 0 - 2 + 4. Let y(j) = -j**2 - 9*j - 16. Let b be y(-7). G